4.
57
What is the remainder when 6902954 is divided by 1885?
84
Calculate the remainder when 6884699 is divided by 794.
719
What is the remainder when 11676131 is divided by 1459515?
11
What is the remainder when 3792 is divided by 1461?
870
What is the remainder when 927972 is divided by 308867?
1371
What is the remainder when 78947 is divided by 50?
47
What is the remainder when 1381385 is divided by 553?
544
Calculate the remainder when 1441985 is divided by 90124.
1
Calculate the remainder when 2293530 is divided by 183.
174
What is the remainder when 3473150 is divided by 123?
122
What is the remainder when 12915505 is divided by 80?
65
What is the remainder when 3952891 is divided by 2?
1
What is the remainder when 70732491 is divided by 14?
11
Calculate the remainder when 1112295 is divided by 3281.
36
What is the remainder when 4056243 is divided by 41?
31
What is the remainder when 25887862 is divided by 1294391?
42
What is the remainder when 159284 is divided by 22603?
1063
Calculate the remainder when 7066666 is divided by 1471.
1453
What is the remainder when 5124 is divided by 1707?
3
Calculate the remainder when 542699 is divided by 821.
18
What is the remainder when 699551 is divided by 349761?
29
What is the remainder when 68584 is divided by 67435?
1149
Calculate the remainder when 274439 is divided by 1241.
178
What is the remainder when 929558 is divided by 185885?
133
What is the remainder when 42733269 is divided by 4748141?
0
What is the remainder when 7232324 is divided by 1808079?
8
Calculate the remainder when 11044019 is divided by 323.
3
What is the remainder when 594094 is divided by 6908?
6
What is the remainder when 19370055 is divided by 203?
201
What is the remainder when 1384885 is divided by 399?
355
What is the remainder when 6875526 is divided by 1433?
1425
What is the remainder when 124999199 is divided by 1080?
1079
Calculate the remainder when 181159 is divided by 654.
1
Calculate the remainder when 16326741 is divided by 8143.
26
What is the remainder when 182456 is divided by 9388?
4084
Calculate the remainder when 10611446 is divided by 3537101.
143
What is the remainder when 12443 is divided by 2904?
827
What is the remainder when 1306547 is divided by 601?
574
What is the remainder when 2991845 is divided by 6862?
13
What is the remainder when 5053 is divided by 1666?
55
Calculate the remainder when 44883995 is divided by 29.
28
What is the remainder when 382257 is divided by 227?
216
Calculate the remainder when 3154508 is divided by 3154117.
391
Calculate the remainder when 18906 is divided by 146.
72
What is the remainder when 18624579 is divided by 4?
3
Calculate the remainder when 84066 is divided by 28017.
15
What is the remainder when 11967 is divided by 11449?
518
What is the remainder when 1732649 is divided by 985?
34
Calculate the remainder when 3307174 is divided by 2650.
2624
Calculate the remainder when 2013669 is divided by 671159.
192
Calculate the remainder when 1560122 is divided by 779556.
1010
Calculate the remainder when 123302 is divided by 122801.
501
Calculate the remainder when 529321 is divided by 888.
73
Calculate the remainder when 9191 is divided by 1417.
689
Calculate the remainder when 2710460 is divided by 456.
452
Calculate the remainder when 16433917 is divided by 6328.
101
What is the remainder when 1243179 is divided by 81?
72
Calculate the remainder when 121197134 is divided by 351.
344
What is the remainder when 90968646 is divided by 57?
9
Calculate the remainder when 4389422 is divided by 190844.
10
What is the remainder when 51548 is divided by 420?
308
What is the remainder when 1543375 is divided by 217?
71
Calculate the remainder when 4943910 is divided by 187.
4
Calculate the remainder when 8983613 is divided by 190.
33
Calculate the remainder when 1034015 is divided by 21102.
17
Calculate the remainder when 47815 is divided by 1105.
300
What is the remainder when 26898740 is divided by 200?
140
What is the remainder when 147647 is divided by 2712?
1199
Calculate the remainder when 479229645 is divided by 246.
243
Calculate the remainder when 13137496 is divided by 252644.
8
What is the remainder when 4884309 is divided by 6700?
9
What is the remainder when 59701 is divided by 89?
71
What is the remainder when 20686703 is divided by 6895565?
8
Calculate the remainder when 23844547 is divided by 10518.
241
Calculate the remainder when 55031060 is divided by 147.
140
Calculate the remainder when 23996505 is divided by 628.
625
Calculate the remainder when 2694908 is divided by 192491.
34
Calculate the remainder when 78359 is divided by 19.
3
Calculate the remainder when 5910054 is divided by 66405.
9
What is the remainder when 175078499 is divided by 1261?
1259
What is the remainder when 1603 is divided by 65?
43
What is the remainder when 147217 is divided by 1645?
812
Calculate the remainder when 30025416 is divided by 217.
211
Calculate the remainder when 132861 is divided by 91.
1
What is the remainder when 3124373381 is divided by 26?
25
Calculate the remainder when 372748 is divided by 92686.
2004
Calculate the remainder when 36926046 is divided by 9231507.
18
Calculate the remainder when 414201 is divided by 138043.
72
What is the remainder when 1166256 is divided by 9968?
0
Calculate the remainder when 1277389 is divided by 255308.
849
What is the remainder when 76221332 is divided by 2144?
2132
What is the remainder when 119914269 is divided by 736?
733
Calculate the remainder when 10659849 is divided by 14.
11
What is the remainder when 84799 is divided by 168?
127
What is the remainder when 4035793 is divided by 423?
373
Calculate the remainder when 375988 is divided by 187976.
36
Calculate the remainder when 3611556 is divided by 368.
4
Calculate the remainder when 511720021 is divided by 34.
29
Calculate the remainder when 291448074 is divided by 2441.
2438
Calculate the remainder when 959467 is divided by 7214.
5
Calculate the remainder when 2372 is divided by 1487.
885
Calculate the remainder when 213475213 is divided by 71158403.
4
What is the remainder when 8485 is divided by 3060?
2365
Calculate the remainder when 20957183 is divided by 178.
175
Calculate the remainder when 8803388 is divided by 2658.
92
Calculate the remainder when 1782844 is divided by 185.
184
What is the remainder when 453335 is divided by 5964?
71
Calculate the remainder when 1507101 is divided by 1380.
141
What is the remainder when 948138 is divided by 67642?
1150
What is the remainder when 34081 is divided by 2360?
1041
Calculate the remainder when 2499642 is divided by 1341.
18
Calculate the remainder when 118641 is divided by 105715.
12926
What is the remainder when 9343588 is divided by 76?
72
What is the remainder when 186972 is divided by 93094?
784
What is the remainder when 96982620 is divided by 26?
20
What is the remainder when 1360021 is divided by 7?
5
Calculate the remainder when 690756 is divided by 344415.
1926
What is the remainder when 5288005 is divided by 5680?
5605
What is the remainder when 14173369 is divided by 1417335?
19
Calculate the remainder when 88373426 is divided by 23.
20
What is the remainder when 12571 is divided by 5271?
2029
What is the remainder when 55666 is divided by 422?
384
What is the remainder when 21143 is divided by 707?
640
What is the remainder when 1187331 is divided by 134?
91
What is the remainder when 31507 is divided by 31442?
65
Calculate the remainder when 64598687 is divided by 176.
175
Calculate the remainder when 17039422 is divided by 3407880.
22
What is the remainder when 32402205 is divided by 900061?
9
Calculate the remainder when 3312318 is divided by 232.
54
Calculate the remainder when 357010 is divided by 89243.
38
Calculate the remainder when 19190993 is divided by 148.
129
Calculate the remainder when 1225316 is divided by 407198.
3722
Calculate the remainder when 212388 is divided by 106170.
48
Calculate the remainder when 161765 is divided by 41.
20
What is the remainder when 24900762 is divided by 6225168?
90
Calculate the remainder when 32805 is divided by 3660.
3525
What is the remainder when 417424 is divided by 69564?
40
Calculate the remainder when 59262210 is divided by 143492.
14
What 